et t = -1 + u. Suppose -2*d = -t*d - 4*v - 90, -3*v + 135 = 3*d. Is d a multiple of 9?
True
Let m(y) = y + 1. Let j(a) = a**2 - 7*a - 11. Let w = 1 + 3. Let q(g) = w*m(g) + j(g). Does 7 divide q(7)?
True
Suppose 0 = -4*o - o - 20, 4*z - 4*o - 40 = 0. Let w = 10 - z. Is w even?
True
Let x be 12*(2/4 + -1). Let m = x + 6. Suppose m = 3*b - 4*s - 31, 5*s = 3*b - 17 - 12. Is b a multiple of 13?
True
Let k(u) = 10*u**3 + u**2 + 3*u - 4. Does 83 divide k(4)?
True
Let r = 872 + -774. Is 20 a factor of r?
False
Suppose -a = p + 11, 2*a - 5 + 28 = -3*p. Does 43 divide ((-215)/a)/((3/(-42))/(-1))?
True
Let h = -188 + 238. Does 25 divide h?
True
Let r(v) = 30*v - 1. Let n be r(-1). Let q = 31 + n. Suppose q = -s + 5*s - 40. Is 7 a factor of s?
False
Suppose h = -5*c + 3*h + 665, 2*c - 5*h - 266 = 0. Suppose -c*t + 226 = -131*t. Is t a multiple of 12?
False
Suppose -5*v + 2241 = n, -2*v - 4*n + 633 + 267 = 0. Is v a multiple of 16?
True
Suppose -450 = -y - 2*y. Let h be y/(-4)*36/(-15). Let u = -53 + h. Is 12 a factor of u?
False
Let b be (-1)/4 - 91/(-28). Suppose -3 = -4*x - 11, -b*o + 3*x + 18 = 0. Let j(z) = z**3 + z**2 + 4*z - 1. Is j(o) a multiple of 24?
False
Suppose 4*a - 3*a = -28. Is (5 - (-5)/2)/((-1)/a) a multiple of 26?
False
Let t be (4 + 0)/4*2. Let g(i) = i**3 - i**t + 0 + i + 1 + 2 + 2*i**2. Is 3 a factor of g(0)?
True
Let b(f) = f**2 + 7*f - 20. Suppose 5*v + 18 + 32 = 0. Does 2 divide b(v)?
True
Let z = -5 + 12. Let x be (-1)/z - (-648)/126. Suppose -x*b = b - 18. Is b a multiple of 3?
True
Suppose 43*c - 20904 = 4853. Is c a multiple of 3?
False
Let s(g) = 24 - 8 + 5 + 11*g + 21. Is 28 a factor of s(13)?
False
Let u be 129/12 - 2/(-8). Does 3 divide 28/10 + u/55?
True
Let g = 45 - 43. Is 10 a factor of -7*13/(-2)*g?
False
Let r = -12 - -7. Let o be r + 3 + (0 - -1). Is (32 - o/(-1)) + 1 a multiple of 14?
False
Suppose -5*b - 5*j + 475 = 0, -b + 13*j + 105 = 9*j. Let v(h) = -16*h + 3. Let r be v(3). Let g = b + r. Is g a multiple of 20?
False
Let w be (2 - 0)/(2/10). Suppose -3*g = -8*g + w. Suppose 2*v = 4*o - 92, g*o = 4*o + v - 38. Does 19 divide o?
False
Suppose 2*i + 2*u + 3*u = -48, 4*u - 40 = 4*i. Is 10 a factor of (21/i - -6)*(-40)/(-3)?
True
Let y = -165 + 202. Is y even?
False
Let x = 3 + 2. Suppose 0 = 5*j + 4*c - 29 - 270, -x*j + 298 = 3*c. Let y = j - 41. Is 18 a factor of y?
True
Suppose 77*j = 95*j - 2196. Is j a multiple of 5?
False
Let p(t) = 2*t + 4. Let j be -1*2/2 - -3. Let b(i) = 3*i - 1. Let r be b(j). Does 10 divide p(r)?
False
Suppose 3*x - 28 = -5*w, -4*w + 15 = 4*x - 9. Suppose w*i - 10 = 5. Suppose -i*u + 191 = -19. Does 13 divide u?
False
Suppose 0 = 5*o - 3*y - 726, -4*y + 0*y = 2*o - 280. Is o a multiple of 12?
True
Suppose -22 + 1 = -r. Is 20 a factor of 56/r*75/2?
True
Let t(k) = 22*k**2 + 8*k + 16. Let g be t(-6). Suppose -6*u + u + g = 0. Does 22 divide u?
False
Suppose 0 = 3*j + j. Suppose p = z, 0 = -z + 2*p - 2 - j. Let f = 9 - z. Is 7 a factor of f?
True
Let k be (5 + -8 - -3)/3. Suppose k = -6*l + 376 + 194. Is 12 a factor of l?
False
Let z = 1 - -131. Let p be 3 - (0 - 0) - 1. Suppose -z = -p*x - 4*x. Is x a multiple of 11?
True
Let q be 144 - 1/(-4 + 3). Let r = q - -60. Is r a multiple of 36?
False
Let b = 362 + -340. Is 17 a factor of b?
False
Let y be 219294/2604 - (-3)/(-14). Suppose -2*b - 3*u + 20 = 0, b + u - 4 - 4 = 0. Suppose -b*w = 2*i + 2*i - y, w + 4*i = 33. Does 11 divide w?
False
Suppose 1053 = 5*h - 3*l, 0 = -h - 2*l - l + 207. Is 3 a factor of h?
True
Let b(j) be the second derivative of 7*j**4/12 + j**2 - j - 19. Is 29 a factor of b(-4)?
False
Suppose 5*s = 5*x + 190, 4*x = 3*s - 52 - 66. Does 34 divide s?
True
Let w be 15/(-3*2/(-64)). Suppose v - w = -3*v. Is v a multiple of 11?
False
Let i(l) = -l + 1. Let q(c) = -88*c + 72. Let o(d) = 288*i(d) - 4*q(d). Let v be o(1). Let p = v + -30. Is 34 a factor of p?
True
Suppose 0 = -o - o + 836. Is 1 + o/6 + 2/(-3) a multiple of 35?
True
Let g(w) = 11*w**3 - 9*w**2 + 4*w - 2. Suppose 0 = 4*v + i - 11, -2*i + 5*i - 3 = -2*v. Is g(v) a multiple of 9?
False
Let j(o) be the third derivative of -5*o**4/12 + 5*o**3/6 - 2*o**2. Let z be j(-7). Suppose -2*l = 5*c - z, l + 11 = 2*c - 19. Is 8 a factor of c?
False
Suppose -4884 = -49*s + 37*s. Is s a multiple of 10?
False
Let n be 1 + (-2 - -8)*-39. Let x = -139 - n. Is 17 a factor of x?
False
Suppose -5*d - 30 = -10, -f + 2*d + 10 = 0. Is (4/12)/((f - 1)/201) a multiple of 7?
False
Let g = -24 - -27. Suppose 5*l + 5*k - 250 = 0, -4*l + k + 52 = -g*l. Is 17 a factor of l?
True
Let z(m) = m**3 + 7*m**2 - 9*m + 17. Let t be z(-8). Suppose 2*k - 4*k = -82. Let c = k - t. Does 10 divide c?
False
Suppose -77*h + 8753 + 9573 = 0. Is 119 a factor of h?
True
Let k be (-83)/(-2) + (-5)/10. Let l = k + -20. Is 6 a factor of l?
False
Let z(x) = x**3 - x**2 - x + 2. Let j be z(2). Let g be (-60)/(-18) - j/(-6). Suppose -g*a = -208 + 40. Is a a multiple of 8?
False
Let v(c) = 2*c + 37. Let l be v(0). Let j = l - 31. Does 8 divide (-119)/(-5) + j/30?
True
Let c = -99 + 31. Let y = 124 + c. Does 19 divide y?
False
Let x be (-1)/(-7) + (-22)/7. Let c(w) = -3*w**3 + 3*w**2 + 3*w - 7. Is c(x) a multiple of 4?
True
Let v(j) = -j**3 - 24*j**2 - 53*j - 37. Is 13 a factor of v(-22)?
False
Suppose -p + 42 = 5*q, 10*q - 5*q - 310 = -5*p. Suppose -5*h + 95 = -5*y, 0 = 5*h - 2*y - 28 - p. Is h even?
False
Suppose -2*k = 8, -4*w - k = -0*k + 56. Let g(f) = f**3 + 13*f**2 - 5*f - 32. Let q be g(w). Suppose -q = -4*z + 3*z. Is 33 a factor of z?
True
Suppose 2*u + 3*h - 33 = -4, 2*u - 3*h - 11 = 0. Suppose u*s - 6 = 7*s. Suppose v - 206 = -4*i + 3*v, -2*v - 98 = -s*i. Is 18 a factor of i?
True
Suppose 2*m = -2*m + 16. Suppose 0*k = -3*k + m*q - 12, 5*q = 4*k + 17. Let d = k - -23. Does 5 divide d?
True
Suppose 205 = 3*g - 95. Let q = 120 - g. Is q a multiple of 10?
True
Let l(c) be the second derivative of -c**4/12 + 11*c**3/6 + 7*c**2/2 + 9*c. Is 17 a factor of l(10)?
True
Let s = 0 - -6. Let n be (s/(-12))/((-2)/(-4)). Is 7 a factor of (-4 - n)*-7 - -2?
False
Suppose y = -3*o + 34, 0 = 3*o - 6*y + y - 64. Let x(r) = r**3 - 12*r**2 - 12*r + 5. Is 17 a factor of x(o)?
False
Let a(p) = 3*p**2 + 3*p**2 - 5*p - 415 - p**3 + 415. Is 4 a factor of a(3)?
True
Let j = 937 + -811. Is j a multiple of 6?
True
Does 5 divide (-4)/(-26) - (-437472)/1209?
False
Suppose 8 = -5*o + 3*o, -n = -4*o - 637. Is 14 a factor of n?
False
Suppose -l = i + 8 + 1, -4*l - 38 = 3*i. Let w = 13 + l. Is ((-68)/4 - w)/(-1) a multiple of 13?
False
Suppose -5*i - 1101 + 414 = -3*a, 0 = 2*a - i - 451. Let g = a - 156. Is g a multiple of 11?
False
Let z(d) be the first derivative of d**4/4 - d**2 + 2*d + 7. Let m be z(2). Let q(p) = -p**2 + 9*p - 6. Is 4 a factor of q(m)?
True
Let t(z) = -z**2 - 19*z + 52. Let l be t(-21). Is -3*(-1 - (l + 4)) a multiple of 9?
True
Suppose 0 = -3*v + 11 + 1. Is 2/8*v*17 a multiple of 4?
False
Let t(v) = v**2 + 15*v + 26. Let j(x) = 2*x**2 + 3*x - 3. Let l be j(2). Is t(l) a multiple of 13?
True
Suppose -8 = -5*h + 2. Suppose h*g + 68 = 176. Suppose 0 = -q + 33 + g. Is q a multiple of 31?
False
Let u(y) = y**3 + 39*y**2 + 23*y + 5. Is 23 a factor of u(-38)?
True
Suppose 6*o = 3*j + 2*o - 968, 3*o = 2*j - 645. Is 13 a factor of j?
False
Suppose o = -5*n + 1116, -3*n + 6*o = 2*o - 688. Suppose 4*m = 11*m - n. Does 32 divide m?
True
Suppose 12*w - 1298 = -10*w. Is w a multiple of 59?
True
Let r(w) = 3*w**2 + 3*w - 2. Let c(k) = k**2 + 9*k - 5. Let j be c(-10). Let i be r(j). Suppose 4*z + 4*s = i, z = 4*z - 4*s - 87. Does 7 divide z?
False
Suppose -5*b = -2*y - 3*y - 20, 0 = -b - 3*y + 8. Suppose 0 = b*m - 19 - 6. Let h = m + 3. Does 8 divide h?
True
Suppose -5*a = -0*a - 200. Suppose -6*f = -4*f - a. Does 5 divide f?
True
Let l(o) = 3*o**2 - 14*o + 14. Let p(h) = 2*h**2 - 14*h + 13. Let y(c) = -3*l(c) + 4*p(c). Is y(-13) a multiple of 17?
False
Suppose -6*g + 20 = -g. Suppose 120 = g*w + 5*j, w = 3*j - 4*j + 30. Is w a multiple of 15?
True
Let u = -16 - -20. Suppose 0 = -u*i + 2*i + 40. Does 9 divide i?
False
Is 21 a factor of (60/8 - 6)*70?
True
Let g(q) = 14*q**2 - q. Let c be g(1). Let h = 15 - c. Suppose 4*l - 98 = -h*p + l, 2*p = l + 98. Does 13 divide p?
False
Suppose 33*x - 4*x = 3683. Does 6 divide x?
False
Suppose 1